ed by 4713?
15
What is the remainder when 4658 is divided by 64?
50
Calculate the remainder when 278765 is divided by 3030.
5
What is the remainder when 380 is divided by 328?
52
Calculate the remainder when 5841 is divided by 2861.
119
What is the remainder when 336668 is divided by 114?
26
Calculate the remainder when 1808 is divided by 90.
8
Calculate the remainder when 6448 is divided by 430.
428
Calculate the remainder when 500108 is divided by 14708.
36
What is the remainder when 3916 is divided by 231?
220
Calculate the remainder when 7291 is divided by 2365.
196
What is the remainder when 53999 is divided by 8991?
53
Calculate the remainder when 687595 is divided by 180.
175
Calculate the remainder when 3763 is divided by 66.
1
What is the remainder when 6198 is divided by 214?
206
Calculate the remainder when 3876 is divided by 212.
60
Calculate the remainder when 307222 is divided by 153.
151
What is the remainder when 16056109 is divided by 10?
9
What is the remainder when 623830 is divided by 74?
10
What is the remainder when 328294 is divided by 70?
64
What is the remainder when 23014 is divided by 3835?
4
What is the remainder when 44934 is divided by 43?
42
Calculate the remainder when 190 is divided by 81.
28
Calculate the remainder when 3875 is divided by 647.
640
What is the remainder when 123851 is divided by 4954?
1
What is the remainder when 107386 is divided by 23?
22
What is the remainder when 298390 is divided by 5738?
14
What is the remainder when 7459 is divided by 1330?
809
Calculate the remainder when 75338 is divided by 75331.
7
What is the remainder when 4158 is divided by 823?
43
Calculate the remainder when 801 is divided by 87.
18
What is the remainder when 22674 is divided by 113?
74
What is the remainder when 7835 is divided by 653?
652
Calculate the remainder when 14677 is divided by 14505.
172
Calculate the remainder when 4226 is divided by 1859.
508
Calculate the remainder when 4777 is divided by 599.
584
What is the remainder when 822420 is divided by 90?
0
Calculate the remainder when 602380 is divided by 200785.
25
What is the remainder when 504703 is divided by 60?
43
What is the remainder when 188115 is divided by 63?
60
Calculate the remainder when 4466068 is divided by 278.
276
Calculate the remainder when 10169 is divided by 63.
26
Calculate the remainder when 1887 is divided by 1869.
18
What is the remainder when 123680 is divided by 545?
510
Calculate the remainder when 3943 is divided by 614.
259
What is the remainder when 3275039 is divided by 80?
79
What is the remainder when 388604 is divided by 192?
188
Calculate the remainder when 14245 is divided by 188.
145
Calculate the remainder when 5012 is divided by 268.
188
What is the remainder when 3594 is divided by 37?
5
Calculate the remainder when 48065 is divided by 77.
17
What is the remainder when 102346 is divided by 485?
11
Calculate the remainder when 16826 is divided by 1675.
76
Calculate the remainder when 1248 is divided by 742.
506
Calculate the remainder when 7022 is divided by 1744.
46
What is the remainder when 18089 is divided by 54?
53
Calculate the remainder when 1824 is divided by 221.
56
What is the remainder when 141915 is divided by 186?
183
What is the remainder when 2901 is divided by 2806?
95
Calculate the remainder when 4814751 is divided by 21.
18
Calculate the remainder when 1814 is divided by 1.
0
What is the remainder when 69932 is divided by 188?
184
Calculate the remainder when 1147780 is divided by 47.
40
What is the remainder when 4401 is divided by 56?
33
What is the remainder when 9044 is divided by 26?
22
Calculate the remainder when 3237 is divided by 377.
221
What is the remainder when 6789 is divided by 27?
12
Calculate the remainder when 17134 is divided by 1070.
14
Calculate the remainder when 43338 is divided by 110.
108
Calculate the remainder when 1265 is divided by 1257.
8
What is the remainder when 158994 is divided by 79492?
10
What is the remainder when 383975 is divided by 67?
65
What is the remainder when 419831 is divided by 21?
20
What is the remainder when 16615 is divided by 5401?
412
What is the remainder when 282089 is divided by 115?
109
Calculate the remainder when 189923 is divided by 49.
48
What is the remainder when 791 is divided by 634?
157
Calculate the remainder when 331 is divided by 244.
87
Calculate the remainder when 562548 is divided by 10.
8
What is the remainder when 20840 is divided by 1157?
14
Calculate the remainder when 1414 is divided by 233.
16
Calculate the remainder when 9671 is divided by 26.
25
What is the remainder when 28267 is divided by 65?
57
Calculate the remainder when 102576 is divided by 16.
0
Calculate the remainder when 33728 is divided by 865.
858
Calculate the remainder when 878 is divided by 10.
8
Calculate the remainder when 10016 is divided by 264.
248
What is the remainder when 12627 is divided by 3155?
7
Calculate the remainder when 1357 is divided by 229.
212
What is the remainder when 510623 is divided by 899?
890
What is the remainder when 32432 is divided by 10803?
23
Calculate the remainder when 80237 is divided by 44.
25
What is the remainder when 66636 is divided by 18?
0
What is the remainder when 12371 is divided by 791?
506
Calculate the remainder when 2179 is divided by 1881.
298
Calculate the remainder when 1128 is divided by 12.
0
What is the remainder when 44504 is divided by 129?
128
What is the remainder when 890 is divided by 213?
38
Calculate the remainder when 41249 is divided by 485.
24
Calculate the remainder when 774 is divided by 198.
180
Calculate the remainder when 18742 is divided by 6244.
10
What is the remainder when 13480 is divided by 435?
430
Calculate the remainder when 54599 is divided by 40.
39
What is the remainder when 219207 is divided by 223?
221
Calculate the remainder when 2465 is divided by 1079.
307
Calculate the remainder when 4140 is divided by 147.
24
What is the remainder when 24449 is divided by 2435?
99
Calculate the remainder when 3217 is divided by 570.
367
What is the remainder when 992 is divided by 984?
8
What is the remainder when 3292 is divided by 3268?
24
What is the remainder when 11170 is divided by 398?
26
Calculate the remainder when 231343 is divided by 16524.
7
What is the remainder when 236040 is divided by 39340?
0
Calculate the remainder when 518 is divided by 183.
152
What is the remainder when 1339 is divided by 1326?
13
Calculate the remainder when 87946 is divided by 4.
2
Calculate the remainder when 68656 is divided by 4577.
1
What is the remainder when 11726 is divided by 622?
530
What is the remainder when 176575 is divided by 461?
12
What is the remainder when 29791 is divided by 20?
11
What is the remainder when 13120 is divided by 2180?
40
Calculate the remainder when 22634 is divided by 503.
502
Calculate the remainder when 61145 is divided by 266.
231
What is the remainder when 116727 is divided by 18?
15
Calculate the remainder when 3276 is divided by 312.
156
Calculate the remainder when 13939 is divided by 367.
360
What is the remainder when 2505734 is divided by 13?
10
Calculate the remainder when 10575 is divided by 10461.
114
Calculate the remainder when 592 is divided by 590.
2
Calculate the remainder when 35321 is divided by 190.
171
What is the remainder when 79705 is divided by 693?
10
What is the remainder when 54171 is divided by 151?
113
Calculate the remainder when 6760 is divided by 518.
26
Calculate the remainder when 763837 is divided by 434.
431
Calculate the remainder when 453577 is divided by 37.
31
Calculate the remainder when 363190 is divided by 386.
350
What is the remainder when 128148 is divided by 16?
4
What is the remainder when 1953321 is divided by 29?
26
Calculate the remainder when 950901 is divided by 290.
281
What is the remainder when 43211 is divided by 1312?
1227
Calculate the remainder when 1770 is divided by 155.
65
Calculate the remainder when 2863 is divided by 12.
7
What is the remainder when 285826 is divided by 8661?
13
Calculate the remainder when 64174 is divided by 2376.
22
Calculate the remainder when 2011 is divided by 218.
49
What is the remainder when 291603 is divided by 8?
3
What is the remainder when 1709068 is 